{"id":5497,"date":"2021-07-13T19:27:47","date_gmt":"2021-07-13T19:27:47","guid":{"rendered":"https:\/\/agrarias.ufpr.br\/detf\/?page_id=5497"},"modified":"2021-07-13T19:27:59","modified_gmt":"2021-07-13T19:27:59","slug":"departamento","status":"publish","type":"page","link":"https:\/\/agrarias.ufpr.br\/detf\/departamento\/","title":{"rendered":"Departamento"},"content":{"rendered":"<p><strong><a href=\"https:\/\/agrarias.ufpr.br\/detf\/historico\/\">Hist\u00f3rico&nbsp;<\/a><\/strong><\/p>\n<p><strong><a href=\"https:\/\/agrarias.ufpr.br\/detf\/missao\/\">Miss\u00e3o<\/a><\/strong><\/p>\n<p><strong><a href=\"https:\/\/agrarias.ufpr.br\/detf\/administracao\/\">Administra\u00e7\u00e3o<\/a><\/strong><\/p>\n<p><strong><a href=\"https:\/\/agrarias.ufpr.br\/detf\/composicao-do-departamento\/\">Composi\u00e7\u00e3o do Departamento&nbsp;<\/a><\/strong><\/p>\n<p><strong><a href=\"https:\/\/agrarias.ufpr.br\/detf\/planejamento-estrategico\/\">Planejamento Estrat\u00e9gico&nbsp;<\/a><\/strong><\/p>\n<p><strong><a href=\"https:\/\/agrarias.ufpr.br\/detf\/atendimento-do-departamento\/\">Atendimento do Departamento&nbsp;<\/a><\/strong><\/p>\n<p>&nbsp;<\/p>\n<p>&nbsp;<\/p>\n","protected":false},"excerpt":{"rendered":"<p>Hist\u00f3rico&nbsp; Miss\u00e3o Administra\u00e7\u00e3o Composi\u00e7\u00e3o do Departamento&nbsp; Planejamento Estrat\u00e9gico&nbsp; Atendimento do Departamento&nbsp; &nbsp; &nbsp;<\/p>\n","protected":false},"author":3,"featured_media":0,"parent":0,"menu_order":0,"comment_status":"closed","ping_status":"closed","template":"","meta":{"footnotes":""},"class_list":["post-5497","page","type-page","status-publish","hentry"],"_links":{"self":[{"href":"https:\/\/agrarias.ufpr.br\/detf\/wp-json\/wp\/v2\/pages\/5497","targetHints":{"allow":["GET"]}}],"collection":[{"href":"https:\/\/agrarias.ufpr.br\/detf\/wp-json\/wp\/v2\/pages"}],"about":[{"href":"https:\/\/agrarias.ufpr.br\/detf\/wp-json\/wp\/v2\/types\/page"}],"author":[{"embeddable":true,"href":"https:\/\/agrarias.ufpr.br\/detf\/wp-json\/wp\/v2\/users\/3"}],"replies":[{"embeddable":true,"href":"https:\/\/agrarias.ufpr.br\/detf\/wp-json\/wp\/v2\/comments?post=5497"}],"version-history":[{"count":2,"href":"https:\/\/agrarias.ufpr.br\/detf\/wp-json\/wp\/v2\/pages\/5497\/revisions"}],"predecessor-version":[{"id":5499,"href":"https:\/\/agrarias.ufpr.br\/detf\/wp-json\/wp\/v2\/pages\/5497\/revisions\/5499"}],"wp:attachment":[{"href":"https:\/\/agrarias.ufpr.br\/detf\/wp-json\/wp\/v2\/media?parent=5497"}],"curies":[{"name":"wp","href":"https:\/\/api.w.org\/{rel}","templated":true}]}}

<p><strong><a href="https://agrarias.ufpr.br/detf/historico/">Histórico&nbsp;</a></strong></p>
<p><strong><a href="https://agrarias.ufpr.br/detf/missao/">Missão</a></strong></p>
<p><strong><a href="https://agrarias.ufpr.br/detf/administracao/">Administração</a></strong></p>
<p><strong><a href="https://agrarias.ufpr.br/detf/composicao-do-departamento/">Composição do Departamento&nbsp;</a></strong></p>
<p><strong><a href="https://agrarias.ufpr.br/detf/planejamento-estrategico/">Planejamento Estratégico&nbsp;</a></strong></p>
<p><strong><a href="https://agrarias.ufpr.br/detf/atendimento-do-departamento/">Atendimento do Departamento&nbsp;</a></strong></p>
<p>&nbsp;</p>
<p>&nbsp;</p>

<p>Histórico&nbsp; Missão Administração Composição do Departamento&nbsp; Planejamento Estratégico&nbsp; Atendimento do Departamento&nbsp; &nbsp; &nbsp;</p>
