{"id":5283,"date":"2017-05-29T13:23:30","date_gmt":"2017-05-29T16:23:30","guid":{"rendered":"http:\/\/localhost\/?page_id=5283"},"modified":"2017-05-29T13:23:30","modified_gmt":"2017-05-29T16:23:30","slug":"achados-e-perdidos","status":"publish","type":"page","link":"https:\/\/agrarias.ufpr.br\/detf\/achados-e-perdidos\/","title":{"rendered":"Achados e Perdidos"},"content":{"rendered":"<h4><span style=\"color: #3366ff\"><strong>Localizamos os seguintes itens conforme segue:<\/strong><\/span><\/h4>\n<h4><span style=\"color: #339966\">Carteirinha estudante UFPR<\/span><\/h4>\n<h4>KAUANNA MAHARA NHAIA ANTONIACOMI<\/h4>\n<h4><span style=\"color: #339966\">Carteira de Identidade (RG)<\/span><\/h4>\n<h4>FABIA QUEIROZ LIMA DE CARVALHO<\/h4>\n<h4>FABIO MEXIKO OTTMANN<\/h4>\n<h4><span style=\"color: #339966\">CART\u00c3O TRANSPORTE URBS<\/span><\/h4>\n<h4>MILENA KARINA MENDES<\/h4>\n<h4><span style=\"color: #339966\">CART\u00c3O TRANSPORTE REGI\u00c3O METROPOLITANA &#8211; METROCARD<\/span><\/h4>\n<h4>SANDRO LIMA DE OLIVEIRA<\/h4>\n<p>&nbsp;<\/p>\n<p>Os objetos est\u00e3o dispon\u00edveis para retirada no Pr\u00e9dio da Administra\u00e7\u00e3o na Dire\u00e7\u00e3o do Setor de Ci\u00eancias Agr\u00e1rias.<\/p>\n<p>Rua dos Funcion\u00e1rios n\u00ba 1540\u00a0\u00a0 Telefone: (41) 3350-5620<\/p>\n","protected":false},"excerpt":{"rendered":"<p>Localizamos os seguintes itens conforme segue: Carteirinha estudante UFPR KAUANNA MAHARA NHAIA ANTONIACOMI Carteira de Identidade (RG) FABIA QUEIROZ LIMA DE CARVALHO FABIO MEXIKO OTTMANN CART\u00c3O TRANSPORTE URBS MILENA KARINA MENDES CART\u00c3O TRANSPORTE REGI\u00c3O METROPOLITANA &#8211; METROCARD SANDRO LIMA DE OLIVEIRA &nbsp; Os objetos est\u00e3o dispon\u00edveis para retirada no Pr\u00e9dio da Administra\u00e7\u00e3o na Dire\u00e7\u00e3o do [&hellip;]<\/p>\n","protected":false},"author":3,"featured_media":0,"parent":0,"menu_order":0,"comment_status":"closed","ping_status":"closed","template":"","meta":{"footnotes":""},"class_list":["post-5283","page","type-page","status-publish","hentry"],"_links":{"self":[{"href":"https:\/\/agrarias.ufpr.br\/detf\/wp-json\/wp\/v2\/pages\/5283","targetHints":{"allow":["GET"]}}],"collection":[{"href":"https:\/\/agrarias.ufpr.br\/detf\/wp-json\/wp\/v2\/pages"}],"about":[{"href":"https:\/\/agrarias.ufpr.br\/detf\/wp-json\/wp\/v2\/types\/page"}],"author":[{"embeddable":true,"href":"https:\/\/agrarias.ufpr.br\/detf\/wp-json\/wp\/v2\/users\/3"}],"replies":[{"embeddable":true,"href":"https:\/\/agrarias.ufpr.br\/detf\/wp-json\/wp\/v2\/comments?post=5283"}],"version-history":[{"count":0,"href":"https:\/\/agrarias.ufpr.br\/detf\/wp-json\/wp\/v2\/pages\/5283\/revisions"}],"wp:attachment":[{"href":"https:\/\/agrarias.ufpr.br\/detf\/wp-json\/wp\/v2\/media?parent=5283"}],"curies":[{"name":"wp","href":"https:\/\/api.w.org\/{rel}","templated":true}]}}