{"id":36,"date":"2017-06-07T12:18:04","date_gmt":"2017-06-07T12:18:04","guid":{"rendered":"https:\/\/agrarias.ufpr.br\/detf\/?page_id=36"},"modified":"2021-07-13T14:16:45","modified_gmt":"2021-07-13T14:16:45","slug":"administracao","status":"publish","type":"page","link":"https:\/\/agrarias.ufpr.br\/detf\/administracao\/","title":{"rendered":"Administra\u00e7\u00e3o"},"content":{"rendered":"<p>Chefe: Prof. Rui Andr\u00e9 Maggi dos Anjos&nbsp;<br \/>\nVice Chefe: Prof. Jos\u00e9 Guilherme Prata&nbsp;<br \/>\nSecret\u00e1ria: Miria dos Santos Kalinowski Scrock<br \/>\nTelefones: (41) 3360-4223<br \/>\n<a href=\"mailto:detf@ufpr.br\">detf@ufpr.br<\/a><\/p>\n","protected":false},"excerpt":{"rendered":"<p>Chefe: Prof. Rui Andr\u00e9 Maggi dos Anjos&nbsp; Vice Chefe: Prof. Jos\u00e9 Guilherme Prata&nbsp; Secret\u00e1ria: Miria dos Santos Kalinowski Scrock Telefones: (41) 3360-4223 detf@ufpr.br<\/p>\n","protected":false},"author":3,"featured_media":0,"parent":0,"menu_order":0,"comment_status":"closed","ping_status":"closed","template":"","meta":{"footnotes":""},"class_list":["post-36","page","type-page","status-publish","hentry"],"_links":{"self":[{"href":"https:\/\/agrarias.ufpr.br\/detf\/wp-json\/wp\/v2\/pages\/36","targetHints":{"allow":["GET"]}}],"collection":[{"href":"https:\/\/agrarias.ufpr.br\/detf\/wp-json\/wp\/v2\/pages"}],"about":[{"href":"https:\/\/agrarias.ufpr.br\/detf\/wp-json\/wp\/v2\/types\/page"}],"author":[{"embeddable":true,"href":"https:\/\/agrarias.ufpr.br\/detf\/wp-json\/wp\/v2\/users\/3"}],"replies":[{"embeddable":true,"href":"https:\/\/agrarias.ufpr.br\/detf\/wp-json\/wp\/v2\/comments?post=36"}],"version-history":[{"count":4,"href":"https:\/\/agrarias.ufpr.br\/detf\/wp-json\/wp\/v2\/pages\/36\/revisions"}],"predecessor-version":[{"id":5444,"href":"https:\/\/agrarias.ufpr.br\/detf\/wp-json\/wp\/v2\/pages\/36\/revisions\/5444"}],"wp:attachment":[{"href":"https:\/\/agrarias.ufpr.br\/detf\/wp-json\/wp\/v2\/media?parent=36"}],"curies":[{"name":"wp","href":"https:\/\/api.w.org\/{rel}","templated":true}]}}