{"id":3209,"date":"2015-12-02T14:45:40","date_gmt":"2015-12-02T16:45:40","guid":{"rendered":"http:\/\/localhost\/?page_id=3209"},"modified":"2015-12-02T14:45:40","modified_gmt":"2015-12-02T16:45:40","slug":"informatica","status":"publish","type":"page","link":"https:\/\/agrarias.ufpr.br\/detf\/informatica\/","title":{"rendered":"Inform\u00e1tica"},"content":{"rendered":"<h4><strong>\u00a0Inform\u00e1tica<\/strong><\/h4>\n<p>Chefia: Evandro Reis de Souza (evandro@ufpr.br)<br \/>\nDaniel Metinoski (metinoski@ufpr.br)<br \/>\nLuiz Tomoyochi Tonegawa (ltg@ufpr.br)<br \/>\nTelefones: (41) 3350-5653<br \/>\ninformatica.agr@ufpr.br<\/p>\n<p><a href=\"http:\/\/localhost\/wp-content\/uploads\/2015\/12\/ATIBUI\u00c7\u00d5ES-DO-SETOR-DE-INFORM\u00c1TICAv1.11.pdf\">Atribui\u00e7\u00f5es do Setor de Inform\u00e1tica &#8211; SCA<\/a><\/p>\n<p><a href=\"http:\/\/localhost\/wp-content\/uploads\/2015\/12\/recolhimento-de-inform\u00e1tica.pdf\">Formul\u00e1rio para recolhimento de equipamentos de Inform\u00e1tica\u00a0<\/a><\/p>\n<p>&nbsp;<\/p>\n<p>&nbsp;<\/p>\n","protected":false},"excerpt":{"rendered":"<p>\u00a0Inform\u00e1tica Chefia: Evandro Reis de Souza (evandro@ufpr.br) Daniel Metinoski (metinoski@ufpr.br) Luiz Tomoyochi Tonegawa (ltg@ufpr.br) Telefones: (41) 3350-5653 informatica.agr@ufpr.br Atribui\u00e7\u00f5es do Setor de Inform\u00e1tica &#8211; SCA Formul\u00e1rio para recolhimento de equipamentos de Inform\u00e1tica\u00a0 &nbsp; &nbsp;<\/p>\n","protected":false},"author":3,"featured_media":0,"parent":0,"menu_order":0,"comment_status":"open","ping_status":"open","template":"","meta":{"footnotes":""},"class_list":["post-3209","page","type-page","status-publish","hentry"],"_links":{"self":[{"href":"https:\/\/agrarias.ufpr.br\/detf\/wp-json\/wp\/v2\/pages\/3209","targetHints":{"allow":["GET"]}}],"collection":[{"href":"https:\/\/agrarias.ufpr.br\/detf\/wp-json\/wp\/v2\/pages"}],"about":[{"href":"https:\/\/agrarias.ufpr.br\/detf\/wp-json\/wp\/v2\/types\/page"}],"author":[{"embeddable":true,"href":"https:\/\/agrarias.ufpr.br\/detf\/wp-json\/wp\/v2\/users\/3"}],"replies":[{"embeddable":true,"href":"https:\/\/agrarias.ufpr.br\/detf\/wp-json\/wp\/v2\/comments?post=3209"}],"version-history":[{"count":0,"href":"https:\/\/agrarias.ufpr.br\/detf\/wp-json\/wp\/v2\/pages\/3209\/revisions"}],"wp:attachment":[{"href":"https:\/\/agrarias.ufpr.br\/detf\/wp-json\/wp\/v2\/media?parent=3209"}],"curies":[{"name":"wp","href":"https:\/\/api.w.org\/{rel}","templated":true}]}}