{"id":1832,"date":"2015-02-24T17:44:41","date_gmt":"2015-02-24T17:44:41","guid":{"rendered":"http:\/\/localhost\/?page_id=1832"},"modified":"2015-02-24T17:44:41","modified_gmt":"2015-02-24T17:44:41","slug":"comite-de-etica-animal","status":"publish","type":"page","link":"https:\/\/agrarias.ufpr.br\/detf\/comite-de-etica-animal\/","title":{"rendered":"Comit\u00ea de \u00c9tica Animal"},"content":{"rendered":"<p style=\"text-align: left\"><a href=\"http:\/\/localhost\/wp-content\/uploads\/2015\/02\/Portaria-28-2016.pdf\" rel=\"\">Portaria 28 2016<\/a> \u2013 Altera\u00e7\u00e3o da <a href=\"http:\/\/localhost\/wp-content\/uploads\/2015\/02\/Portaria-33_2013-Comiss\u00e3o-de-\u00c9tica-no-Uso-de-Animais-do-SCA.doc\">Portaria 33_2013\u00a0<\/a> e designa\u00e7\u00e3o de professores que comp\u00f5em o COMIT\u00ca DE \u00c9TICA DE USO DE ANIMAIS.<\/p>\n<p>E-mails-e-telefones-dos-integrantes-do-Comiss\u00e3o-de-\u00c9tica-do-SCA<\/p>\n<p><a href=\"http:\/\/localhost\/wp-content\/uploads\/2015\/02\/Formula?rio-Aula-2017-1.docx\">Formul\u00e1rio de submiss\u00e3o aulas CEUA 2017<\/a><\/p>\n<p><a href=\"http:\/\/localhost\/wp-content\/uploads\/2015\/02\/UTF-82727Formul25C325A1rio_submiss25C325A3o_experimentos_CEUA2520UFPR25202017.docx\">Formul\u00e1rio submiss\u00e3o experimentos CEUA 2017 <\/a><\/p>\n<p><b><i>Biot\u00e9rio: <\/i><\/b><i>defini\u00e7\u00e3o de acordo com a Resolu\u00e7\u00e3o Normativa n\u00ba 03 do CONCEA, de 14 de dezembro de 2011: \u201clocal onde s\u00e3o criados ou <u>mantidos\u00a0<\/u>animais para serem usados em ensino ou pesquisa cient\u00edfica, que possua controle das condi\u00e7\u00f5es ambientais, nutricionais e sanit\u00e1rias\u201d.<b>Biot\u00e9rio de cria\u00e7\u00e3o:<\/b> defini\u00e7\u00e3o de acordo com a Resolu\u00e7\u00e3o Normativa n\u00ba 03 do CONCEA, de 14 de dezembro de 2011: \u201clocal destinado \u00e0 reprodu\u00e7\u00e3o e manuten\u00e7\u00e3o de animais para fins de ensino ou pesquisa cient\u00edfica\u201d. <b>Biot\u00e9rio de manuten\u00e7\u00e3o: <\/b>defini\u00e7\u00e3o de acordo com a Resolu\u00e7\u00e3o Normativa n\u00ba 03 do CONCEA, de 14 de dezembro de 2011: \u201clocal destinado \u00e0 manuten\u00e7\u00e3o de animais para fins de ensino ou pesquisa cient\u00edfica\u201d.<b>Biot\u00e9rio de experimenta\u00e7\u00e3o<\/b>: defini\u00e7\u00e3o de acordo com a Resolu\u00e7\u00e3o Normativa n\u00ba 03 do CONCEA, de 14 de dezembro de 2011: \u201clocal destinado \u00e0 manuten\u00e7\u00e3o de animais em experimenta\u00e7\u00e3o por tempo superior a 12 (doze) horas\u201d.<\/i><\/p>\n<p>Reuni\u00f5es agendadas abaixo:<\/p>\n<p>Local:\u00a0\u00a0Sala de reuni\u00f5es do pr\u00e9dio do Departamento de Medicina Veterin\u00e1ria (DMV).<\/p>\n<p>&nbsp;<\/p>\n<table style=\"height: 374px\" width=\"450\">\n<tbody>\n<tr>\n<td width=\"218\">Pr\u00f3ximas reuni\u00f5es<\/td>\n<td width=\"331\">Recebimento de \u00a0formul\u00e1rios at\u00e9*:<\/td>\n<\/tr>\n<tr>\n<td width=\"218\">07\/04\/17<\/td>\n<td width=\"331\">31\/03\/17<\/td>\n<\/tr>\n<tr>\n<td width=\"218\">05\/05\/17<\/td>\n<td width=\"331\">28\/04\/17<\/td>\n<\/tr>\n<tr>\n<td width=\"218\">02\/06\/17<\/td>\n<td width=\"331\">26\/05\/17<\/td>\n<\/tr>\n<tr>\n<td width=\"218\">07\/07\/17<\/td>\n<td width=\"331\">30\/06\/17<\/td>\n<\/tr>\n<tr>\n<td width=\"218\">04\/08\/17<\/td>\n<td width=\"331\">28\/07\/17<\/td>\n<\/tr>\n<\/tbody>\n<\/table>\n<p style=\"text-align: center\"><strong>Secretaria Geral do Comit\u00ea do SCA.<\/strong><br \/>\nProfa. Simone Tostes O.\u00a0 Stedile<\/p>\n<p style=\"text-align: center\">Acad\u00eamica Ra\u00edssa Kusdra<\/p>\n<p style=\"text-align: center\"><a href=\"mailto:ceua_sca@ufpr.br\">ceua_sca@ufpr.br<\/a><\/p>\n<p style=\"text-align: center\"><strong>TITULARES<\/strong><\/p>\n<p style=\"text-align: center\">Prof\u00aa Simone Tostes de Oliveira Stedile<\/p>\n<p style=\"text-align: center\">Prof. Alex Maiorka<\/p>\n<p style=\"text-align: center\">Prof\u00aa Chayane da Rocha<\/p>\n<p style=\"text-align: center\">Prof\u00aa Maity Zopollatto<\/p>\n<p style=\"text-align: center\">Prof\u00aa Elizabeth Santin<\/p>\n<p style=\"text-align: center\">Prof. Antonio Waldir Cunha da\u00a0Silva<\/p>\n<p style=\"text-align: center\"><strong>SUPLENTES<\/strong><\/p>\n<p style=\"text-align: center\">Prof\u00aa Alda Lucia Gomes Monteiro<\/p>\n<p style=\"text-align: center\">Prof. Marcos Martinez Do Vale<\/p>\n<p style=\"text-align: center\">Prof. Marson Bruck Warpechowski<\/p>\n<p style=\"text-align: center\">Prof\u00aa Roberta Carareto<\/p>\n<p style=\"text-align: center\">Prof\u00aa Rita de C\u00e1ssia Maria Garcia<\/p>\n<p style=\"text-align: center\">Prof. Jos\u00e9 Francisco Ghignatti Warth<\/p>\n<p style=\"text-align: center\"><strong>\u00a0<\/strong><\/p>\n<p><strong>DOCUMENTOS<\/strong><\/p>\n<p><a href=\"http:\/\/localhost\/wp-content\/uploads\/2015\/02\/Resolu\u00e7\u00e3o-CEPE-86-de-2011-Comiss\u00e3o-de-\u00c9tica-no-uso-de-Animais..pdf\">Resolu\u00e7\u00e3o CEPE 86 de 2011 &#8211; Comiss\u00e3o de \u00c9tica no uso de Animais<\/a><br \/>\n<a href=\"http:\/\/localhost\/wp-content\/uploads\/2015\/02\/portaria-31-13-Composicao-membros-\u00c9tica-no-uso-de-animais.doc\">Portaria 31\/2013 &#8211; Composi\u00e7\u00e3o da Comiss\u00e3o de \u00c9tica no uso de animais do SCA<\/a><br \/>\n<a href=\"http:\/\/localhost\/wp-content\/uploads\/2015\/02\/cepe04_2002-Comit\u00ea-de-\u00c9tica-em-Pesquisa-em-Seres-Humanos.pdf\">cepe04_2002- Comit\u00ea de \u00c9tica em Pesquisa em Seres Humanos<\/a><br \/>\n<a href=\"http:\/\/localhost\/wp-content\/uploads\/2015\/02\/cepe75_1999-Comit\u00eas-Setoriais-de-Pesquisa-em-Seres-Humanos.pdf\">cepe75_1999 &#8211; Comit\u00eas Setoriais de Pesquisa em Seres Humanos<\/a><\/p>\n<p><a href=\"http:\/\/localhost\/wp-content\/uploads\/2015\/02\/Resolu\u00e7\u00e3o-Normativa-21-do-MCTI_CONCEA-Biot\u00e9rios.pdf\">Resolu\u00e7\u00e3o Normativa 21 do MCTI_CONCEA Biot\u00e9rios<\/a><\/p>\n<p><a href=\"http:\/\/localhost\/wp-content\/uploads\/2015\/02\/Decreto-6.899-de-2009-Disp\u00f5e-sobe-a-composi\u00e7\u00e3o-do-CONCEA.pdf\">Decreto 6.899 de 2009 &#8211; Disp\u00f5e sobe a composi\u00e7\u00e3o do CONCEA<\/a><br \/>\n<a href=\"http:\/\/localhost\/wp-content\/uploads\/2015\/02\/Lei-11.794-de-2008-Estabelece-prcocedimentos-para-uso-cient\u00edfico-de-animais.pdf\">Lei 11.794 de 2008 &#8211; Estabelece prcocedimentos para uso cient\u00edfico de animais<\/a><br \/>\n<a href=\"http:\/\/localhost\/wp-content\/uploads\/2015\/02\/RN1_2010-Intala\u00e7\u00e3o-de-Comiss\u00e3o-de-\u00c9tica-CEUAs.pdf\">RN1_2010 &#8211; Intala\u00e7\u00e3o de Comiss\u00e3o de \u00c9tica &#8211; CEUAs<\/a><br \/>\n<a href=\"http:\/\/localhost\/wp-content\/uploads\/2015\/02\/RN2_2010-Intala\u00e7\u00e3o-e-funcionamento-de-Comiss\u00e3o-de-\u00c9tica-CEUAs.pdf\">RN2_2010 &#8211; Intala\u00e7\u00e3o e funcionamento de Comiss\u00e3o de \u00c9tica &#8211; CEUAs<\/a><br \/>\n<a href=\"http:\/\/localhost\/wp-content\/uploads\/2015\/02\/RN3_2011-Credenciamento-de-animas-para-pesquisa-CIAEP.pdf\">RN3_2011 &#8211; Credenciamento de animas para pesquisa &#8211; CIAEP<\/a><br \/>\n<a href=\"http:\/\/localhost\/wp-content\/uploads\/2015\/02\/RN4_2012-Formul\u00e1rio-unificado-de-autpriza\u00e7\u00e3o-de-uso-de-animais-CEUAs.pdf\">RN4_2012 &#8211; Formul\u00e1rio unificado de autpriza\u00e7\u00e3o de uso de animais &#8211; CEUAs<\/a><br \/>\n<a href=\"http:\/\/localhost\/wp-content\/uploads\/2015\/02\/RN5-2012-Altera-resolu\u00e7\u00e3o-de-instala\u00e7\u00e3o-de-CEUAs.pdf\">RN5-2012 &#8211; Altera resolu\u00e7\u00e3o de instala\u00e7\u00e3o de CEUAs<\/a><br \/>\n<a href=\"http:\/\/localhost\/wp-content\/uploads\/2015\/02\/RN6-2012-Recomenda\u00e7\u00f5es-\u00e1s-Ag\u00eancias-de-Pesquisa.pdf\">RN6-2012 &#8211; Recomenda\u00e7\u00f5es \u00e1s Ag\u00eancias de Pesquisa<\/a><br \/>\n<a href=\"http:\/\/localhost\/wp-content\/uploads\/2015\/02\/RN7-2012-Informa\u00e7\u00f5es-para-projetos-de-pesquisa-das-CEUAs.pdf\">RN7-2012 &#8211; Informa\u00e7\u00f5es para projetos de pesquisa das CEUAs<\/a><br \/>\n<a href=\"http:\/\/localhost\/wp-content\/uploads\/2015\/02\/RN8-2012-Recomenda\u00e7\u00f5es-para-relat\u00f3rio-anual-das-CEUAs.pdf\">RN8-2012 &#8211; Recomenda\u00e7\u00f5es para relat\u00f3rio anual das CEUAs<\/a><br \/>\n<a href=\"http:\/\/localhost\/wp-content\/uploads\/2015\/02\/RN9-2013-Prorroga-prazo-para-credenciamento-de-atividades-das-CEUAs.pdf\">RN9-2013 &#8211; Prorroga prazo para credenciamento de atividades das CEUAs<\/a><br \/>\n<a href=\"http:\/\/localhost\/wp-content\/uploads\/2015\/02\/RN10-2013-Altera-prazzo-para-credenciamento-de-atividades-das-CEUAs.pdf\">RN10-2013 &#8211; Altera prazzo para credenciamento de atividades das CEUAs<\/a><br \/>\n<a href=\"http:\/\/localhost\/wp-content\/uploads\/2015\/02\/RN11-2013-Procediemento-para-abertura-de-processo-administrativo-no-CONCEA.pdf\">RN11-2013 &#8211; Procediemento para abertura de processo administrativo no CONCEA<\/a><br \/>\n<a href=\"http:\/\/localhost\/wp-content\/uploads\/2015\/02\/RN12_2013-Anexo-de-diretrizes-para-DBCA.pdf\">RN12_2013 &#8211; Anexo de diretrizes para DBCA<\/a><br \/>\n<a href=\"http:\/\/localhost\/wp-content\/uploads\/2015\/02\/RN12-2013-Diretrizes-para-cuidados-de-uso-de-animais-para-fins-cinet\u00edficos-DBCA.pdf\">RN12-2013 &#8211; Diretrizes para cuidados de uso de animais para fins cinet\u00edficos &#8211; DBCA<\/a><br \/>\n<a href=\"http:\/\/localhost\/wp-content\/uploads\/2015\/02\/RN13-2013-Anexo-Diretrizes-para-pr\u00e1tica-de-eutan\u00e1sia-dos-animais.pdf\">RN13-2013 &#8211; Anexo Diretrizes para pr\u00e1tica de eutan\u00e1sia dos animais<\/a><br \/>\n<a href=\"http:\/\/localhost\/wp-content\/uploads\/2015\/02\/RN13-2013-Diretrizes-para-pr\u00e1tica-de-eutan\u00e1sia-dos-animais.pdf\">RN13-2013 &#8211; Diretrizes para pr\u00e1tica de eutan\u00e1sia dos animais<\/a><br \/>\n<a href=\"http:\/\/localhost\/wp-content\/uploads\/2015\/02\/RN15-2013-Estrutura-f\u00edsica-para-ambientes-de-roedores-e-lagomorfos-para-pesquisa.pdf\">RN15-2013 &#8211; Estrutura f\u00edsica para ambientes de roedores e lagomorfos para pesquisa<\/a><br \/>\n<a href=\"http:\/\/localhost\/wp-content\/uploads\/2015\/02\/RN16-2014-Altera-crit\u00e9rios-para-ensino-e-pesquisa-CIAEP.pdf\">RN16-2014 &#8211; Altera crit\u00e9rios para ensino e pesquisa &#8211; CIAEP<\/a><br \/>\n<a href=\"http:\/\/localhost\/wp-content\/uploads\/2015\/02\/RN16-2014-Anexo-de-altera-crit\u00e9rios-para-ensino-e-pesquisa-CIAEP.pdf\">RN16-2014 &#8211; Anexo de altera crit\u00e9rios para ensino e pesquisa &#8211; CIAEP<\/a><br \/>\n<a href=\"http:\/\/localhost\/wp-content\/uploads\/2015\/02\/RN17-2014-Reconhecimento-de-m\u00e9todos-alternativos-para-uso-de-animais-em-pesquisa.pdf\">RN17-2014 &#8211; Reconhecimento de m\u00e9todos alternativos para uso de animais em pesquisa<\/a><br \/>\n<a href=\"http:\/\/localhost\/wp-content\/uploads\/2015\/02\/RN18-2014-Reconhece-m\u00e9todos-alternativos-para-uso-de-animais-em-pesquisa.pdf\">RN18-2014 &#8211; Reconhece m\u00e9todos alternativos para uso de animais em pesquisa<\/a><br \/>\n<a href=\"http:\/\/localhost\/wp-content\/uploads\/2015\/02\/RN19-2014-Regula-vincula\u00e7\u00e3o-de-centros-p\u00fablicos-e-privados-de-uso-de-animais.pdf\">RN19-2014 &#8211; Regula vincula\u00e7\u00e3o de centros p\u00fablicos e privados de uso de animais<\/a><br \/>\n<a href=\"http:\/\/localhost\/wp-content\/uploads\/2015\/02\/RN20-2014-Altera-resolu\u00e7\u00e3o-de-credenciamento-e-instala\u00e7\u00e3o-de-CEUAs.pdf\">RN20-2014 &#8211; Altera resolu\u00e7\u00e3o de credenciamento e instala\u00e7\u00e3o de CEUAs<\/a><br \/>\n<a href=\"http:\/\/localhost\/wp-content\/uploads\/2015\/02\/RN21-2015-Altera-crit\u00e9rios-de-credenciamento-e-avalia\u00e7\u00e3o-das-CEUAs.pdf\">RN21-2015 &#8211; Altera crit\u00e9rios de credenciamento e avalia\u00e7\u00e3o das CEUAs<\/a><\/p>\n<p><a href=\"http:\/\/localhost\/wp-content\/uploads\/2015\/02\/2015-Orienta\u00e7\u00f5es-T\u00e9cnicas-do-CONCEA-N\u00ba-5-E-N\u00ba6-do-CONCEA.pdf\">2015 Orienta\u00e7\u00f5es T\u00e9cnicas do CONCEA N\u00ba 5 E N\u00ba6<\/a><\/p>\n<p>&nbsp;<\/p>\n","protected":false},"excerpt":{"rendered":"<p>Portaria 28 2016 \u2013 Altera\u00e7\u00e3o da Portaria 33_2013\u00a0 e designa\u00e7\u00e3o de professores que comp\u00f5em o COMIT\u00ca DE \u00c9TICA DE USO DE ANIMAIS. E-mails-e-telefones-dos-integrantes-do-Comiss\u00e3o-de-\u00c9tica-do-SCA Formul\u00e1rio de submiss\u00e3o aulas CEUA 2017 Formul\u00e1rio submiss\u00e3o experimentos CEUA 2017 Biot\u00e9rio: defini\u00e7\u00e3o de acordo com a Resolu\u00e7\u00e3o Normativa n\u00ba 03 do CONCEA, de 14 de dezembro de 2011: \u201clocal onde s\u00e3o [&hellip;]<\/p>\n","protected":false},"author":3,"featured_media":0,"parent":0,"menu_order":0,"comment_status":"open","ping_status":"open","template":"","meta":{"footnotes":""},"class_list":["post-1832","page","type-page","status-publish","hentry"],"_links":{"self":[{"href":"https:\/\/agrarias.ufpr.br\/detf\/wp-json\/wp\/v2\/pages\/1832","targetHints":{"allow":["GET"]}}],"collection":[{"href":"https:\/\/agrarias.ufpr.br\/detf\/wp-json\/wp\/v2\/pages"}],"about":[{"href":"https:\/\/agrarias.ufpr.br\/detf\/wp-json\/wp\/v2\/types\/page"}],"author":[{"embeddable":true,"href":"https:\/\/agrarias.ufpr.br\/detf\/wp-json\/wp\/v2\/users\/3"}],"replies":[{"embeddable":true,"href":"https:\/\/agrarias.ufpr.br\/detf\/wp-json\/wp\/v2\/comments?post=1832"}],"version-history":[{"count":0,"href":"https:\/\/agrarias.ufpr.br\/detf\/wp-json\/wp\/v2\/pages\/1832\/revisions"}],"wp:attachment":[{"href":"https:\/\/agrarias.ufpr.br\/detf\/wp-json\/wp\/v2\/media?parent=1832"}],"curies":[{"name":"wp","href":"https:\/\/api.w.org\/{rel}","templated":true}]}}