{"id":8932,"date":"2021-03-08T15:28:06","date_gmt":"2021-03-08T15:28:06","guid":{"rendered":"https:\/\/agrarias.ufpr.br\/dere\/?page_id=8932"},"modified":"2023-07-05T14:10:12","modified_gmt":"2023-07-05T14:10:12","slug":"eventos","status":"publish","type":"page","link":"https:\/\/agrarias.ufpr.br\/dere\/extensao\/eventos\/","title":{"rendered":"Eventos de Extens\u00e3o"},"content":{"rendered":"\n<br>\n\n\n\n<p>Um evento de Extens\u00e3o \u00e9 uma atividade de apresenta\u00e7\u00e3o ou exibi\u00e7\u00e3o p\u00fablica, livre ou com p\u00fablico espec\u00edfico, do conhecimento ou produto cultural, art\u00edstico, esportivo, cient\u00edfico e tecnol\u00f3gico desenvolvido e reconhecido pela Universidade, de acordo com o estabelecido pelo F\u00f3rum Nacional de Pr\u00f3-Reitores de Extens\u00e3o das Universidades P\u00fablicas Brasileiras \u2013 FORPROEX.<\/p>\n","protected":false},"excerpt":{"rendered":"<p>Um evento de Extens\u00e3o \u00e9 uma atividade de apresenta\u00e7\u00e3o ou exibi\u00e7\u00e3o p\u00fablica, livre ou com p\u00fablico espec\u00edfico, do conhecimento ou produto cultural, art\u00edstico, esportivo, cient\u00edfico e tecnol\u00f3gico desenvolvido e reconhecido pela Universidade, de acordo com o estabelecido pelo F\u00f3rum Nacional de Pr\u00f3-Reitores de Extens\u00e3o das Universidades P\u00fablicas Brasileiras \u2013 FORPROEX.<\/p>\n","protected":false},"author":3,"featured_media":0,"parent":8924,"menu_order":0,"comment_status":"closed","ping_status":"closed","template":"","meta":{"footnotes":""},"class_list":["post-8932","page","type-page","status-publish","hentry"],"_links":{"self":[{"href":"https:\/\/agrarias.ufpr.br\/dere\/wp-json\/wp\/v2\/pages\/8932","targetHints":{"allow":["GET"]}}],"collection":[{"href":"https:\/\/agrarias.ufpr.br\/dere\/wp-json\/wp\/v2\/pages"}],"about":[{"href":"https:\/\/agrarias.ufpr.br\/dere\/wp-json\/wp\/v2\/types\/page"}],"author":[{"embeddable":true,"href":"https:\/\/agrarias.ufpr.br\/dere\/wp-json\/wp\/v2\/users\/3"}],"replies":[{"embeddable":true,"href":"https:\/\/agrarias.ufpr.br\/dere\/wp-json\/wp\/v2\/comments?post=8932"}],"version-history":[{"count":4,"href":"https:\/\/agrarias.ufpr.br\/dere\/wp-json\/wp\/v2\/pages\/8932\/revisions"}],"predecessor-version":[{"id":9130,"href":"https:\/\/agrarias.ufpr.br\/dere\/wp-json\/wp\/v2\/pages\/8932\/revisions\/9130"}],"up":[{"embeddable":true,"href":"https:\/\/agrarias.ufpr.br\/dere\/wp-json\/wp\/v2\/pages\/8924"}],"wp:attachment":[{"href":"https:\/\/agrarias.ufpr.br\/dere\/wp-json\/wp\/v2\/media?parent=8932"}],"curies":[{"name":"wp","href":"https:\/\/api.w.org\/{rel}","templated":true}]}}

Eventos de Extensão

<br>



<p>Um evento de Extensão é uma atividade de apresentação ou exibição pública, livre ou com público específico, do conhecimento ou produto cultural, artístico, esportivo, científico e tecnológico desenvolvido e reconhecido pela Universidade, de acordo com o estabelecido pelo Fórum Nacional de Pró-Reitores de Extensão das Universidades Públicas Brasileiras – FORPROEX.</p>

<p>Um evento de Extensão é uma atividade de apresentação ou exibição pública, livre ou com público específico, do conhecimento ou produto cultural, artístico, esportivo, científico e tecnológico desenvolvido e reconhecido pela Universidade, de acordo com o estabelecido pelo Fórum Nacional de Pró-Reitores de Extensão das Universidades Públicas Brasileiras – FORPROEX.</p>
