{"id":8930,"date":"2021-03-08T15:27:57","date_gmt":"2021-03-08T15:27:57","guid":{"rendered":"https:\/\/agrarias.ufpr.br\/dere\/?page_id=8930"},"modified":"2023-07-05T14:09:20","modified_gmt":"2023-07-05T14:09:20","slug":"cursos","status":"publish","type":"page","link":"https:\/\/agrarias.ufpr.br\/dere\/extensao\/cursos\/","title":{"rendered":"Cursos de Extens\u00e3o"},"content":{"rendered":"\n<br>\n\n\n\n<p>S\u00e3o a\u00e7\u00f5es pedag\u00f3gicas, de car\u00e1ter te\u00f3rico e\/ou pr\u00e1tico, planejadas e organizadas de modo sistem\u00e1tico, com carga hor\u00e1ria previamente definida, que contemplam o princ\u00edpio que estabelece a repercuss\u00e3o da a\u00e7\u00e3o na comunidade, gerando \u201cImpacto e Transforma\u00e7\u00e3o\u201d, e que atende ao princ\u00edpio constitucional da \u201cIndissociabilidade entre Ensino, Pesquisa e Extens\u00e3o\u201d.<\/p>\n","protected":false},"excerpt":{"rendered":"<p>S\u00e3o a\u00e7\u00f5es pedag\u00f3gicas, de car\u00e1ter te\u00f3rico e\/ou pr\u00e1tico, planejadas e organizadas de modo sistem\u00e1tico, com carga hor\u00e1ria previamente definida, que contemplam o princ\u00edpio que estabelece a repercuss\u00e3o da a\u00e7\u00e3o na comunidade, gerando \u201cImpacto e Transforma\u00e7\u00e3o\u201d, e que atende ao princ\u00edpio constitucional da \u201cIndissociabilidade entre Ensino, Pesquisa e Extens\u00e3o\u201d.<\/p>\n","protected":false},"author":3,"featured_media":0,"parent":8924,"menu_order":0,"comment_status":"closed","ping_status":"closed","template":"","meta":{"footnotes":""},"class_list":["post-8930","page","type-page","status-publish","hentry"],"_links":{"self":[{"href":"https:\/\/agrarias.ufpr.br\/dere\/wp-json\/wp\/v2\/pages\/8930","targetHints":{"allow":["GET"]}}],"collection":[{"href":"https:\/\/agrarias.ufpr.br\/dere\/wp-json\/wp\/v2\/pages"}],"about":[{"href":"https:\/\/agrarias.ufpr.br\/dere\/wp-json\/wp\/v2\/types\/page"}],"author":[{"embeddable":true,"href":"https:\/\/agrarias.ufpr.br\/dere\/wp-json\/wp\/v2\/users\/3"}],"replies":[{"embeddable":true,"href":"https:\/\/agrarias.ufpr.br\/dere\/wp-json\/wp\/v2\/comments?post=8930"}],"version-history":[{"count":6,"href":"https:\/\/agrarias.ufpr.br\/dere\/wp-json\/wp\/v2\/pages\/8930\/revisions"}],"predecessor-version":[{"id":9129,"href":"https:\/\/agrarias.ufpr.br\/dere\/wp-json\/wp\/v2\/pages\/8930\/revisions\/9129"}],"up":[{"embeddable":true,"href":"https:\/\/agrarias.ufpr.br\/dere\/wp-json\/wp\/v2\/pages\/8924"}],"wp:attachment":[{"href":"https:\/\/agrarias.ufpr.br\/dere\/wp-json\/wp\/v2\/media?parent=8930"}],"curies":[{"name":"wp","href":"https:\/\/api.w.org\/{rel}","templated":true}]}}

Cursos de Extensão

<br>



<p>São ações pedagógicas, de caráter teórico e/ou prático, planejadas e organizadas de modo sistemático, com carga horária previamente definida, que contemplam o princípio que estabelece a repercussão da ação na comunidade, gerando “Impacto e Transformação”, e que atende ao princípio constitucional da “Indissociabilidade entre Ensino, Pesquisa e Extensão”.</p>

<p>São ações pedagógicas, de caráter teórico e/ou prático, planejadas e organizadas de modo sistemático, com carga horária previamente definida, que contemplam o princípio que estabelece a repercussão da ação na comunidade, gerando “Impacto e Transformação”, e que atende ao princípio constitucional da “Indissociabilidade entre Ensino, Pesquisa e Extensão”.</p>
