{"id":8902,"date":"2021-03-08T15:06:41","date_gmt":"2021-03-08T15:06:41","guid":{"rendered":"https:\/\/agrarias.ufpr.br\/dere\/?page_id=8902"},"modified":"2023-03-09T13:53:14","modified_gmt":"2023-03-09T13:53:14","slug":"pesquisa","status":"publish","type":"page","link":"https:\/\/agrarias.ufpr.br\/dere\/pesquisa\/","title":{"rendered":"Pesquisa"},"content":{"rendered":"<p><a href=\"https:\/\/agrarias.ufpr.br\/dere\/grupos-de-pesquisa\/\"><strong>Grupos de Pesquisa<\/strong><\/a><\/p>\n<p><a href=\"https:\/\/agrarias.ufpr.br\/dere\/projetos-de-pesquisa\/\"><strong>Projetos de Pesquisa<\/strong><\/a><\/p>\n<p><a href=\"https:\/\/agrarias.ufpr.br\/dere\/iniciacao-cientifica\/\"><strong>Inicia\u00e7\u00e3o Cient\u00edfica<\/strong><\/a><\/p>\n<p>\u00a0<\/p>\n\n\n<figure class=\"wp-block-image size-full is-resized\"><img loading=\"lazy\" decoding=\"async\" src=\"https:\/\/agrarias.ufpr.br\/dere\/wp-content\/uploads\/sites\/47\/2023\/03\/eM-CONSTR.png\" alt=\"\" class=\"wp-image-8993\" width=\"429\" height=\"284\" srcset=\"https:\/\/agrarias.ufpr.br\/dere\/wp-content\/uploads\/sites\/47\/2023\/03\/eM-CONSTR.png 961w, https:\/\/agrarias.ufpr.br\/dere\/wp-content\/uploads\/sites\/47\/2023\/03\/eM-CONSTR-300x199.png 300w, https:\/\/agrarias.ufpr.br\/dere\/wp-content\/uploads\/sites\/47\/2023\/03\/eM-CONSTR-768x510.png 768w, https:\/\/agrarias.ufpr.br\/dere\/wp-content\/uploads\/sites\/47\/2023\/03\/eM-CONSTR-250x166.png 250w, https:\/\/agrarias.ufpr.br\/dere\/wp-content\/uploads\/sites\/47\/2023\/03\/eM-CONSTR-160x106.png 160w\" sizes=\"auto, (max-width: 429px) 100vw, 429px\" \/><\/figure>\n","protected":false},"excerpt":{"rendered":"<p>Grupos de Pesquisa Projetos de Pesquisa Inicia\u00e7\u00e3o Cient\u00edfica \u00a0<\/p>\n","protected":false},"author":3,"featured_media":0,"parent":0,"menu_order":0,"comment_status":"closed","ping_status":"closed","template":"","meta":{"footnotes":""},"class_list":["post-8902","page","type-page","status-publish","hentry"],"_links":{"self":[{"href":"https:\/\/agrarias.ufpr.br\/dere\/wp-json\/wp\/v2\/pages\/8902","targetHints":{"allow":["GET"]}}],"collection":[{"href":"https:\/\/agrarias.ufpr.br\/dere\/wp-json\/wp\/v2\/pages"}],"about":[{"href":"https:\/\/agrarias.ufpr.br\/dere\/wp-json\/wp\/v2\/types\/page"}],"author":[{"embeddable":true,"href":"https:\/\/agrarias.ufpr.br\/dere\/wp-json\/wp\/v2\/users\/3"}],"replies":[{"embeddable":true,"href":"https:\/\/agrarias.ufpr.br\/dere\/wp-json\/wp\/v2\/comments?post=8902"}],"version-history":[{"count":4,"href":"https:\/\/agrarias.ufpr.br\/dere\/wp-json\/wp\/v2\/pages\/8902\/revisions"}],"predecessor-version":[{"id":9013,"href":"https:\/\/agrarias.ufpr.br\/dere\/wp-json\/wp\/v2\/pages\/8902\/revisions\/9013"}],"wp:attachment":[{"href":"https:\/\/agrarias.ufpr.br\/dere\/wp-json\/wp\/v2\/media?parent=8902"}],"curies":[{"name":"wp","href":"https:\/\/api.w.org\/{rel}","templated":true}]}}