{"id":34,"date":"2017-09-13T17:28:53","date_gmt":"2017-09-13T17:28:53","guid":{"rendered":"https:\/\/agrarias.ufpr.br\/decif\/?page_id=34"},"modified":"2017-09-13T17:29:37","modified_gmt":"2017-09-13T17:29:37","slug":"objetivos","status":"publish","type":"page","link":"https:\/\/agrarias.ufpr.br\/decif\/objetivos\/","title":{"rendered":"Objetivos"},"content":{"rendered":"<p>O objetivo primordial do Departamento \u00e9 ofertar disciplinas nos cursos a que atende, atrav\u00e9s de seu recurso humano maior que \u00e9 o professor. Servidores t\u00e9cnico-administrativos do Departamento de Ci\u00eancias Florestais tamb\u00e9m d\u00e3o suporte ao bom andamento das atividades did\u00e1ticas, pr\u00e1ticas e te\u00f3ricas, nos laborat\u00f3rios, no viveiro e em outras reparti\u00e7\u00f5es. Al\u00e9m das atividades did\u00e1ticas, o Departamento proporciona desenvolvimento de pesquisas cient\u00edficas atrav\u00e9s das pesquisas feitas pelos seus professores, a grande maioria com dedica\u00e7\u00e3o exclusiva \u00e0 UFPR. Adicionalmente, atividades de extens\u00e3o universit\u00e1ria s\u00e3o exercidas pelo seu corpo docente, atrav\u00e9s de projetos com a iniciativa privada, com \u00f3rg\u00e3os governamentais e n\u00e3o governamentais, assistindo direta ou indiretamente a comunidade.<\/p>\n","protected":false},"excerpt":{"rendered":"<p>O objetivo primordial do Departamento \u00e9 ofertar disciplinas nos cursos a que atende, atrav\u00e9s de seu recurso humano maior que \u00e9 o professor. Servidores t\u00e9cnico-administrativos do Departamento de Ci\u00eancias Florestais tamb\u00e9m d\u00e3o suporte ao bom andamento das atividades did\u00e1ticas, pr\u00e1ticas e te\u00f3ricas, nos laborat\u00f3rios, no viveiro e em outras reparti\u00e7\u00f5es. Al\u00e9m das atividades did\u00e1ticas, o [&hellip;]<\/p>\n","protected":false},"author":3,"featured_media":0,"parent":0,"menu_order":0,"comment_status":"closed","ping_status":"closed","template":"","meta":{"footnotes":""},"class_list":["post-34","page","type-page","status-publish","hentry"],"_links":{"self":[{"href":"https:\/\/agrarias.ufpr.br\/decif\/wp-json\/wp\/v2\/pages\/34","targetHints":{"allow":["GET"]}}],"collection":[{"href":"https:\/\/agrarias.ufpr.br\/decif\/wp-json\/wp\/v2\/pages"}],"about":[{"href":"https:\/\/agrarias.ufpr.br\/decif\/wp-json\/wp\/v2\/types\/page"}],"author":[{"embeddable":true,"href":"https:\/\/agrarias.ufpr.br\/decif\/wp-json\/wp\/v2\/users\/3"}],"replies":[{"embeddable":true,"href":"https:\/\/agrarias.ufpr.br\/decif\/wp-json\/wp\/v2\/comments?post=34"}],"version-history":[{"count":2,"href":"https:\/\/agrarias.ufpr.br\/decif\/wp-json\/wp\/v2\/pages\/34\/revisions"}],"predecessor-version":[{"id":36,"href":"https:\/\/agrarias.ufpr.br\/decif\/wp-json\/wp\/v2\/pages\/34\/revisions\/36"}],"wp:attachment":[{"href":"https:\/\/agrarias.ufpr.br\/decif\/wp-json\/wp\/v2\/media?parent=34"}],"curies":[{"name":"wp","href":"https:\/\/api.w.org\/{rel}","templated":true}]}}