{"id":5540,"date":"2022-08-22T14:30:53","date_gmt":"2022-08-22T14:30:53","guid":{"rendered":"https:\/\/agrarias.ufpr.br\/decif\/?post_type=eventos&#038;p=5540"},"modified":"2022-08-22T14:30:53","modified_gmt":"2022-08-22T14:30:53","slug":"simpos-2022","status":"publish","type":"eventos","link":"https:\/\/agrarias.ufpr.br\/decif\/eventos\/simpos-2022\/","title":{"rendered":"SIMPOS 2022"},"content":{"rendered":"<p>O&nbsp;<strong>Simp\u00f3sio Brasileiro de P\u00f3s-Gradua\u00e7\u00e3o em Ci\u00eancias Florestais (SIMPOS2022)<\/strong>&nbsp;\u00e9 um evento promovido pelas institui\u00e7\u00f5es de ensino que atuam nas \u00e1reas de Recursos Florestais e Engenharia Florestal, sendo o mais importante evento de divulga\u00e7\u00e3o de pesquisas e discuss\u00e3o da p\u00f3s-gradua\u00e7\u00e3o no Brasil. Trata-se de um evento itinerante realizado bianualmente, cuja primeira edi\u00e7\u00e3o ocorreu em 2002, e a partir de 2004, passou a acontecer em intervalos de dois anos.<\/p>\n<p>Saiba mais: https:\/\/simpos2022.galoa.com.br\/<\/p>\n<p>&nbsp;<\/p>\n","protected":false},"excerpt":{"rendered":"<p>O&nbsp;Simp\u00f3sio Brasileiro de P\u00f3s-Gradua\u00e7\u00e3o em Ci\u00eancias Florestais (SIMPOS2022)&nbsp;\u00e9 um evento promovido pelas institui\u00e7\u00f5es de ensino que atuam nas \u00e1reas de Recursos Florestais e Engenharia Florestal, sendo o mais importante evento de divulga\u00e7\u00e3o de pesquisas e discuss\u00e3o da p\u00f3s-gradua\u00e7\u00e3o no Brasil. Trata-se de um evento itinerante realizado bianualmente, cuja primeira edi\u00e7\u00e3o ocorreu em 2002, e a [&hellip;]<\/p>\n","protected":false},"author":3,"featured_media":0,"parent":0,"menu_order":0,"comment_status":"closed","ping_status":"open","template":"","meta":{"footnotes":""},"categories":[],"tags":[],"class_list":["post-5540","eventos","type-eventos","status-publish","hentry"],"_links":{"self":[{"href":"https:\/\/agrarias.ufpr.br\/decif\/wp-json\/wp\/v2\/eventos\/5540","targetHints":{"allow":["GET"]}}],"collection":[{"href":"https:\/\/agrarias.ufpr.br\/decif\/wp-json\/wp\/v2\/eventos"}],"about":[{"href":"https:\/\/agrarias.ufpr.br\/decif\/wp-json\/wp\/v2\/types\/eventos"}],"author":[{"embeddable":true,"href":"https:\/\/agrarias.ufpr.br\/decif\/wp-json\/wp\/v2\/users\/3"}],"replies":[{"embeddable":true,"href":"https:\/\/agrarias.ufpr.br\/decif\/wp-json\/wp\/v2\/comments?post=5540"}],"version-history":[{"count":0,"href":"https:\/\/agrarias.ufpr.br\/decif\/wp-json\/wp\/v2\/eventos\/5540\/revisions"}],"wp:attachment":[{"href":"https:\/\/agrarias.ufpr.br\/decif\/wp-json\/wp\/v2\/media?parent=5540"}],"wp:term":[{"taxonomy":"category","embeddable":true,"href":"https:\/\/agrarias.ufpr.br\/decif\/wp-json\/wp\/v2\/categories?post=5540"},{"taxonomy":"post_tag","embeddable":true,"href":"https:\/\/agrarias.ufpr.br\/decif\/wp-json\/wp\/v2\/tags?post=5540"}],"curies":[{"name":"wp","href":"https:\/\/api.w.org\/{rel}","templated":true}]}}

<p>O&nbsp;<strong>Simpósio Brasileiro de Pós-Graduação em Ciências Florestais (SIMPOS2022)</strong>&nbsp;é um evento promovido pelas instituições de ensino que atuam nas áreas de Recursos Florestais e Engenharia Florestal, sendo o mais importante evento de divulgação de pesquisas e discussão da pós-graduação no Brasil. Trata-se de um evento itinerante realizado bianualmente, cuja primeira edição ocorreu em 2002, e a partir de 2004, passou a acontecer em intervalos de dois anos.</p>
<p>Saiba mais: https://simpos2022.galoa.com.br/</p>
<p>&nbsp;</p>

<p>O&nbsp;Simpósio Brasileiro de Pós-Graduação em Ciências Florestais (SIMPOS2022)&nbsp;é um evento promovido pelas instituições de ensino que atuam nas áreas de Recursos Florestais e Engenharia Florestal, sendo o mais importante evento de divulgação de pesquisas e discussão da pós-graduação no Brasil. Trata-se de um evento itinerante realizado bianualmente, cuja primeira edição ocorreu em 2002, e a [&hellip;]</p>
