{"id":79,"date":"2015-03-20T16:30:12","date_gmt":"2015-03-20T16:30:12","guid":{"rendered":"https:\/\/agrarias.ufpr.br\/ccmv\/?page_id=79"},"modified":"2026-03-23T15:16:48","modified_gmt":"2026-03-23T15:16:48","slug":"formularios","status":"publish","type":"page","link":"https:\/\/agrarias.ufpr.br\/ccmv\/formularios\/","title":{"rendered":"Formul\u00e1rios"},"content":{"rendered":"<ul>\n<li><a href=\"https:\/\/agrarias.ufpr.br\/ccmv\/wp-content\/uploads\/sites\/11\/2022\/05\/PLANILHA-AJUSTE-DE-MATRICULA.docx\">PLANILHA-AJUSTE-DE-MATR\u00cdCULA<\/a><\/li>\n<li><a href=\"https:\/\/agrarias.ufpr.br\/ccmv\/wp-content\/uploads\/sites\/11\/2019\/05\/REQUERIMENTO-GERAL.pdf\">REQUERIMENTO GERAL<\/a><\/li>\n<li><a href=\"https:\/\/agrarias.ufpr.br\/ccmv\/wp-content\/uploads\/sites\/11\/2025\/07\/Requerimento-Cancelamento-RA.pdf\">REQUERIMENTO CANCELAMENTO REGISTRO ACAD\u00caMICO<\/a><\/li>\n<li><a href=\"https:\/\/agrarias.ufpr.br\/ccmv\/wp-content\/uploads\/sites\/11\/2020\/10\/SOLICITA\u00c7\u00c3O-QUEBRA-PR\u00c9-REQUISITO.pdf\">SOLICITA\u00c7\u00c3O QUEBRA PR\u00c9-REQUISITO<\/a><\/li>\n<li><a href=\"https:\/\/agrarias.ufpr.br\/ccmv\/wp-content\/uploads\/sites\/11\/2019\/04\/PLANO-DE-ESTUDOS-SEMESTRAL-TUTOR-NOVO.pdf\">TUTORIA &#8211; Plano de Estudos Semestral<\/a><\/li>\n<li><a href=\"https:\/\/agrarias.ufpr.br\/ccmv\/wp-content\/uploads\/sites\/11\/2019\/04\/RELAT\u00d3RIO-DE-ORIENTA\u00c7\u00c3O-ACAD\u00caMICA-TUTOR-NOVO.pdf\">TUTORIA &#8211; Relat\u00f3rio de Orienta\u00e7\u00e3o Acad\u00eamica<\/a><\/li>\n<li><a href=\"https:\/\/agrarias.ufpr.br\/ccmv\/wp-content\/uploads\/sites\/11\/2023\/10\/TERMO-DE-SUBSTITUICAO-DE-ORIENTACAO-NO-TCC.doc\">TERMO DE SUBSTITUI\u00c7\u00c3O DE ORIENTA\u00c7\u00c3O NO TCC.doc<\/a><\/li>\n<li><a href=\"https:\/\/agrarias.ufpr.br\/ccmv\/wp-content\/uploads\/sites\/11\/2023\/10\/TERMO-DE-SUBSTITUICAO-DE-ORIENTACAO-NO-TCC.pdf\">TERMO DE SUBSTITUI\u00c7\u00c3O DE ORIENTA\u00c7\u00c3O NO TCC.pdf<\/a><\/li>\n<\/ul>\n","protected":false},"excerpt":{"rendered":"<p>PLANILHA-AJUSTE-DE-MATR\u00cdCULA REQUERIMENTO GERAL REQUERIMENTO CANCELAMENTO REGISTRO ACAD\u00caMICO SOLICITA\u00c7\u00c3O QUEBRA PR\u00c9-REQUISITO TUTORIA &#8211; Plano de Estudos Semestral TUTORIA &#8211; Relat\u00f3rio de Orienta\u00e7\u00e3o Acad\u00eamica TERMO DE SUBSTITUI\u00c7\u00c3O DE ORIENTA\u00c7\u00c3O NO TCC.doc TERMO DE SUBSTITUI\u00c7\u00c3O DE ORIENTA\u00c7\u00c3O NO TCC.pdf<\/p>\n","protected":false},"author":1837,"featured_media":0,"parent":0,"menu_order":0,"comment_status":"closed","ping_status":"open","template":"","meta":{"footnotes":""},"class_list":["post-79","page","type-page","status-publish","hentry"],"_links":{"self":[{"href":"https:\/\/agrarias.ufpr.br\/ccmv\/wp-json\/wp\/v2\/pages\/79","targetHints":{"allow":["GET"]}}],"collection":[{"href":"https:\/\/agrarias.ufpr.br\/ccmv\/wp-json\/wp\/v2\/pages"}],"about":[{"href":"https:\/\/agrarias.ufpr.br\/ccmv\/wp-json\/wp\/v2\/types\/page"}],"author":[{"embeddable":true,"href":"https:\/\/agrarias.ufpr.br\/ccmv\/wp-json\/wp\/v2\/users\/1837"}],"replies":[{"embeddable":true,"href":"https:\/\/agrarias.ufpr.br\/ccmv\/wp-json\/wp\/v2\/comments?post=79"}],"version-history":[{"count":35,"href":"https:\/\/agrarias.ufpr.br\/ccmv\/wp-json\/wp\/v2\/pages\/79\/revisions"}],"predecessor-version":[{"id":3500,"href":"https:\/\/agrarias.ufpr.br\/ccmv\/wp-json\/wp\/v2\/pages\/79\/revisions\/3500"}],"wp:attachment":[{"href":"https:\/\/agrarias.ufpr.br\/ccmv\/wp-json\/wp\/v2\/media?parent=79"}],"curies":[{"name":"wp","href":"https:\/\/api.w.org\/{rel}","templated":true}]}}