{"id":3156,"date":"2023-08-30T14:03:59","date_gmt":"2023-08-30T14:03:59","guid":{"rendered":"https:\/\/agrarias.ufpr.br\/ccmv\/?page_id=3156"},"modified":"2026-03-23T15:16:48","modified_gmt":"2026-03-23T15:16:48","slug":"matricula","status":"publish","type":"page","link":"https:\/\/agrarias.ufpr.br\/ccmv\/matricula\/","title":{"rendered":"Matr\u00edcula"},"content":{"rendered":"\n<p><a href=\"https:\/\/agrarias.ufpr.br\/ccmv\/avisos\/2o-semestre-2023-ajuste-de-matricula-pela-coordenacao-de-26-07-a-07-08\/\"><strong>2\u00ba Semestre 2024 &#8211; AJUSTE DE MATR\u00cdCULA PELA COORDENA\u00c7\u00c3O &#8211; De 02 \u00e0 13\/09\/2024<\/strong><\/a><\/p>\n","protected":false},"excerpt":{"rendered":"<p>2\u00ba Semestre 2024 &#8211; AJUSTE DE MATR\u00cdCULA PELA COORDENA\u00c7\u00c3O &#8211; De 02 \u00e0 13\/09\/2024<\/p>\n","protected":false},"author":3,"featured_media":0,"parent":0,"menu_order":0,"comment_status":"closed","ping_status":"closed","template":"","meta":{"footnotes":""},"class_list":["post-3156","page","type-page","status-publish","hentry"],"_links":{"self":[{"href":"https:\/\/agrarias.ufpr.br\/ccmv\/wp-json\/wp\/v2\/pages\/3156","targetHints":{"allow":["GET"]}}],"collection":[{"href":"https:\/\/agrarias.ufpr.br\/ccmv\/wp-json\/wp\/v2\/pages"}],"about":[{"href":"https:\/\/agrarias.ufpr.br\/ccmv\/wp-json\/wp\/v2\/types\/page"}],"author":[{"embeddable":true,"href":"https:\/\/agrarias.ufpr.br\/ccmv\/wp-json\/wp\/v2\/users\/3"}],"replies":[{"embeddable":true,"href":"https:\/\/agrarias.ufpr.br\/ccmv\/wp-json\/wp\/v2\/comments?post=3156"}],"version-history":[{"count":5,"href":"https:\/\/agrarias.ufpr.br\/ccmv\/wp-json\/wp\/v2\/pages\/3156\/revisions"}],"predecessor-version":[{"id":3294,"href":"https:\/\/agrarias.ufpr.br\/ccmv\/wp-json\/wp\/v2\/pages\/3156\/revisions\/3294"}],"wp:attachment":[{"href":"https:\/\/agrarias.ufpr.br\/ccmv\/wp-json\/wp\/v2\/media?parent=3156"}],"curies":[{"name":"wp","href":"https:\/\/api.w.org\/{rel}","templated":true}]}}

Matrícula

<p><a href="https://agrarias.ufpr.br/ccmv/avisos/2o-semestre-2023-ajuste-de-matricula-pela-coordenacao-de-26-07-a-07-08/"><strong>2º Semestre 2024 &#8211; AJUSTE DE MATRÍCULA PELA COORDENAÇÃO &#8211; De 02 à 13/09/2024</strong></a></p>

<p>2º Semestre 2024 &#8211; AJUSTE DE MATRÍCULA PELA COORDENAÇÃO &#8211; De 02 à 13/09/2024</p>
