{"id":126,"date":"2015-03-20T16:44:06","date_gmt":"2015-03-20T16:44:06","guid":{"rendered":"https:\/\/agrarias.ufpr.br\/ccmv\/?page_id=126"},"modified":"2026-08-04T23:36:39","modified_gmt":"2026-08-04T23:36:39","slug":"centro-academico-camv","status":"publish","type":"page","link":"https:\/\/agrarias.ufpr.br\/ccmv\/centro-academico-camv\/","title":{"rendered":"CAMV &#8211; Centro Acad\u00eamico de Medicina Veterin\u00e1ria &#8211; Gest\u00e3o 2025\/2026"},"content":{"rendered":"<div dir=\"ltr\">\n<div dir=\"ltr\">Informamos que no dia 22\/07\/2026 a Chapa Lobo-Guar\u00e1 finalizou sua gest\u00e3o no Centro Acad\u00eamico de Medicina Veterin\u00e1ria, sendo sucessora a Chapa Gavi\u00e3o Real.<\/div>\n<div dir=\"ltr\"><\/div>\n<div dir=\"ltr\">Os dados do Presidente, da Vice e do Secret\u00e1rio em exerc\u00edcio s\u00e3o:<\/div>\n<div dir=\"ltr\"><b>\u00a0<\/b><\/div>\n<div dir=\"ltr\">\n<p><strong>PRESIDENTE:<\/strong><\/p>\n<p>Emanuel Ot\u00e1vio Cavalcante Durans<\/p>\n<p>GRR20203412<\/p>\n<p><span style=\"text-decoration: underline\"><span style=\"color: #3366ff;text-decoration: underline\"><a style=\"color: #3366ff;text-decoration: underline\" href=\"mailto:ana.sovierzoski@ufpr.br\">durans@ufpr.br<\/a><\/span><\/span><\/p>\n<p><strong>VICE-PRESIDENTE:<\/strong><\/p>\n<p>Anne Carolyne Borchardt<\/p>\n<p>GRR20223678<\/p>\n<p><span style=\"text-decoration: underline\"><span style=\"color: #3366ff\"><a style=\"color: #3366ff;text-decoration: underline\" href=\"mailto:mariaribeiro1@ufpr.br\">anne.borchardt@ufpr.br<\/a><\/span><\/span><\/p>\n<p><strong>SECRET\u00c1RIO<\/strong><\/p>\n<p>Rodrigo Cardoso dos Santos<\/p>\n<p>GRR20213767<\/p>\n<p><span style=\"text-decoration: underline\"><span style=\"color: #3366ff\"><a style=\"color: #3366ff;text-decoration: underline\" href=\"mailto:mariaribeiro1@ufpr.br\">rodrigocardoso1@ufpr.br<\/a><\/span><\/span><\/p>\n<\/div>\n<\/div>\n<div><\/div>\n","protected":false},"excerpt":{"rendered":"<p>Informamos que no dia 22\/07\/2026 a Chapa Lobo-Guar\u00e1 finalizou sua gest\u00e3o no Centro Acad\u00eamico de Medicina Veterin\u00e1ria, sendo sucessora a Chapa Gavi\u00e3o Real. Os dados do Presidente, da Vice e do Secret\u00e1rio em exerc\u00edcio s\u00e3o: \u00a0 PRESIDENTE: Emanuel Ot\u00e1vio Cavalcante Durans GRR20203412 durans@ufpr.br VICE-PRESIDENTE: Anne Carolyne Borchardt GRR20223678 anne.borchardt@ufpr.br SECRET\u00c1RIO Rodrigo Cardoso dos Santos GRR20213767 [&hellip;]<\/p>\n","protected":false},"author":1837,"featured_media":0,"parent":0,"menu_order":0,"comment_status":"closed","ping_status":"open","template":"","meta":{"footnotes":""},"class_list":["post-126","page","type-page","status-publish","hentry"],"_links":{"self":[{"href":"https:\/\/agrarias.ufpr.br\/ccmv\/wp-json\/wp\/v2\/pages\/126","targetHints":{"allow":["GET"]}}],"collection":[{"href":"https:\/\/agrarias.ufpr.br\/ccmv\/wp-json\/wp\/v2\/pages"}],"about":[{"href":"https:\/\/agrarias.ufpr.br\/ccmv\/wp-json\/wp\/v2\/types\/page"}],"author":[{"embeddable":true,"href":"https:\/\/agrarias.ufpr.br\/ccmv\/wp-json\/wp\/v2\/users\/1837"}],"replies":[{"embeddable":true,"href":"https:\/\/agrarias.ufpr.br\/ccmv\/wp-json\/wp\/v2\/comments?post=126"}],"version-history":[{"count":32,"href":"https:\/\/agrarias.ufpr.br\/ccmv\/wp-json\/wp\/v2\/pages\/126\/revisions"}],"predecessor-version":[{"id":3799,"href":"https:\/\/agrarias.ufpr.br\/ccmv\/wp-json\/wp\/v2\/pages\/126\/revisions\/3799"}],"wp:attachment":[{"href":"https:\/\/agrarias.ufpr.br\/ccmv\/wp-json\/wp\/v2\/media?parent=126"}],"curies":[{"name":"wp","href":"https:\/\/api.w.org\/{rel}","templated":true}]}}

CAMV &#8211; Centro Acadêmico de Medicina Veterinária &#8211; Gestão 2025/2026

<div dir="ltr">
<div dir="ltr">Informamos que no dia 22/07/2026 a Chapa Lobo-Guará finalizou sua gestão no Centro Acadêmico de Medicina Veterinária, sendo sucessora a Chapa Gavião Real.</div>
<div dir="ltr"></div>
<div dir="ltr">Os dados do Presidente, da Vice e do Secretário em exercício são:</div>
<div dir="ltr"><b> </b></div>
<div dir="ltr">
<p><strong>PRESIDENTE:</strong></p>
<p>Emanuel Otávio Cavalcante Durans</p>
<p>GRR20203412</p>
<p><span style="text-decoration: underline"><span style="color: #3366ff;text-decoration: underline"><a style="color: #3366ff;text-decoration: underline" href="mailto:ana.sovierzoski@ufpr.br">durans@ufpr.br</a></span></span></p>
<p><strong>VICE-PRESIDENTE:</strong></p>
<p>Anne Carolyne Borchardt</p>
<p>GRR20223678</p>
<p><span style="text-decoration: underline"><span style="color: #3366ff"><a style="color: #3366ff;text-decoration: underline" href="mailto:mariaribeiro1@ufpr.br">anne.borchardt@ufpr.br</a></span></span></p>
<p><strong>SECRETÁRIO</strong></p>
<p>Rodrigo Cardoso dos Santos</p>
<p>GRR20213767</p>
<p><span style="text-decoration: underline"><span style="color: #3366ff"><a style="color: #3366ff;text-decoration: underline" href="mailto:mariaribeiro1@ufpr.br">rodrigocardoso1@ufpr.br</a></span></span></p>
</div>
</div>
<div></div>

<p>Informamos que no dia 22/07/2026 a Chapa Lobo-Guará finalizou sua gestão no Centro Acadêmico de Medicina Veterinária, sendo sucessora a Chapa Gavião Real. Os dados do Presidente, da Vice e do Secretário em exercício são:   PRESIDENTE: Emanuel Otávio Cavalcante Durans GRR20203412 durans@ufpr.br VICE-PRESIDENTE: Anne Carolyne Borchardt GRR20223678 anne.borchardt@ufpr.br SECRETÁRIO Rodrigo Cardoso dos Santos GRR20213767 [&hellip;]</p>
