{"id":61,"date":"2015-10-02T14:20:11","date_gmt":"2015-10-02T14:20:11","guid":{"rendered":"http:\/\/localhost\/agronomia\/?page_id=61"},"modified":"2026-03-23T18:21:39","modified_gmt":"2026-03-23T18:21:39","slug":"fale-conosco","status":"publish","type":"page","link":"https:\/\/agrarias.ufpr.br\/agronomia\/fale-conosco\/","title":{"rendered":"Fale Conosco"},"content":{"rendered":"<p style=\"text-align: left;\"><strong>Hor\u00e1rio de Atendimento\u00a0<\/strong><\/p>\n<p style=\"text-align: left;\">Per\u00edodo Matutino : 08:00 \u00e0s 12:00<\/p>\n<p style=\"text-align: left;\">Per\u00edodo Vespertino : 13:00 \u00e0s 17:00<\/p>\n<p style=\"text-align: left;\"><strong>Endere\u00e7o :<\/strong><br \/>\nRua dos Funcion\u00e1rios, 1540 \u2013 Cabral, Curitiba \u2013 PR, 80035-060<\/p>\n<p><strong>Telefone:\u00a0<\/strong>3350-5610<\/p>\n<p>(informa\u00e7\u00f5es sobre o registro acad\u00eamico dos calouros do vestibular devem ser consultadas no site do <a href=\"https:\/\/servicos.nc.ufpr.br\/PortalNC\/Concurso?concurso=PS2023\">n\u00facleo de concursos da UFPR<\/a>)<\/p>\n<p><strong>E-mail<\/strong>: agronomia@ufpr.br<\/p>\n","protected":false},"excerpt":{"rendered":"<p>Hor\u00e1rio de Atendimento\u00a0 Per\u00edodo Matutino : 08:00 \u00e0s 12:00 Per\u00edodo Vespertino : 13:00 \u00e0s 17:00 Endere\u00e7o : Rua dos Funcion\u00e1rios, 1540 \u2013 Cabral, Curitiba \u2013 PR, 80035-060 Telefone:\u00a03350-5610 (informa\u00e7\u00f5es sobre o registro acad\u00eamico dos calouros do vestibular devem ser consultadas no site do n\u00facleo de concursos da UFPR) E-mail: agronomia@ufpr.br<\/p>\n","protected":false},"author":1008,"featured_media":0,"parent":0,"menu_order":0,"comment_status":"closed","ping_status":"open","template":"","meta":{"footnotes":""},"class_list":["post-61","page","type-page","status-publish","hentry"],"_links":{"self":[{"href":"https:\/\/agrarias.ufpr.br\/agronomia\/wp-json\/wp\/v2\/pages\/61","targetHints":{"allow":["GET"]}}],"collection":[{"href":"https:\/\/agrarias.ufpr.br\/agronomia\/wp-json\/wp\/v2\/pages"}],"about":[{"href":"https:\/\/agrarias.ufpr.br\/agronomia\/wp-json\/wp\/v2\/types\/page"}],"author":[{"embeddable":true,"href":"https:\/\/agrarias.ufpr.br\/agronomia\/wp-json\/wp\/v2\/users\/1008"}],"replies":[{"embeddable":true,"href":"https:\/\/agrarias.ufpr.br\/agronomia\/wp-json\/wp\/v2\/comments?post=61"}],"version-history":[{"count":18,"href":"https:\/\/agrarias.ufpr.br\/agronomia\/wp-json\/wp\/v2\/pages\/61\/revisions"}],"predecessor-version":[{"id":7350,"href":"https:\/\/agrarias.ufpr.br\/agronomia\/wp-json\/wp\/v2\/pages\/61\/revisions\/7350"}],"wp:attachment":[{"href":"https:\/\/agrarias.ufpr.br\/agronomia\/wp-json\/wp\/v2\/media?parent=61"}],"curies":[{"name":"wp","href":"https:\/\/api.w.org\/{rel}","templated":true}]}}