{"id":439,"date":"2015-12-11T11:21:42","date_gmt":"2015-12-11T11:21:42","guid":{"rendered":"https:\/\/agrarias.ufpr.br\/agronomia\/?page_id=439"},"modified":"2026-03-23T18:21:39","modified_gmt":"2026-03-23T18:21:39","slug":"grade-e-corpo-docente","status":"publish","type":"page","link":"https:\/\/agrarias.ufpr.br\/agronomia\/grade-e-corpo-docente\/","title":{"rendered":"Grade Hor\u00e1ria e corpo docente"},"content":{"rendered":"<p>1\u00ba semestre letivo de 2024:<\/p>\n<p><a href=\"https:\/\/agrarias.ufpr.br\/agronomia\/wp-content\/uploads\/sites\/24\/2024\/02\/grade-obrigatorias-2024-1.pdf\">Grade hor\u00e1ria obrigat\u00f3rias &#8211; curr\u00edculo 2015<\/a><\/p>\n<p><a href=\"https:\/\/agrarias.ufpr.br\/agronomia\/wp-content\/uploads\/sites\/24\/2024\/02\/grade-optativas-2024-1.pdf\">Grade hor\u00e1ria optativas &#8211; curr\u00edculo 2015<\/a><\/p>\n<p>2\u00ba semestre letivo de 2023:<\/p>\n<p><a href=\"https:\/\/agrarias.ufpr.br\/agronomia\/wp-content\/uploads\/sites\/24\/2023\/07\/grade-horaria-2023-2-obrigatorias.pdf\">Grade hor\u00e1ria obrigat\u00f3rias &#8211; curr\u00edculo vers\u00e3o 2015<\/a><\/p>\n<p><a href=\"https:\/\/agrarias.ufpr.br\/agronomia\/wp-content\/uploads\/sites\/24\/2023\/07\/grade-horaria-optativas-2023-2.pdf\">Grade hor\u00e1ria optativas &#8211; curr\u00edculo vers\u00e3o 2015<\/a><\/p>\n<p>1\u00ba semestre letivo de 2023:<\/p>\n<p><a href=\"https:\/\/agrarias.ufpr.br\/agronomia\/wp-content\/uploads\/sites\/24\/2023\/03\/2023-1-obrigatorias.pdf\">Grade hor\u00e1ria obrigat\u00f3rias &#8211; curr\u00edculo vers\u00e3o 2015<\/a><\/p>\n<p><a href=\"https:\/\/agrarias.ufpr.br\/agronomia\/wp-content\/uploads\/sites\/24\/2023\/03\/2023-1-optativas.pdf\">Grade hor\u00e1ria optativas &#8211; curr\u00edculo vers\u00e3o 2015<\/a><\/p>\n<p>2\u00ba semestre letivo de 2022:<\/p>\n<p><a href=\"https:\/\/agrarias.ufpr.br\/agronomia\/wp-content\/uploads\/sites\/24\/2022\/10\/Grade-obrigatorias-2022-2conferido.pdf\">Grade hor\u00e1ria obrigat\u00f3rias &#8211; curr\u00edculo vers\u00e3o 2015<\/a><\/p>\n<p><a href=\"https:\/\/agrarias.ufpr.br\/agronomia\/wp-content\/uploads\/sites\/24\/2022\/10\/Grade-optativas-2022-2.pdf\">Grade hor\u00e1ria optativas &#8211; curr\u00edculo vers\u00e3o 2015<\/a><\/p>\n<p>1\u00ba semestre letivo 2022:<\/p>\n<p><a href=\"https:\/\/agrarias.ufpr.br\/agronomia\/wp-content\/uploads\/sites\/24\/2022\/06\/Grade-2022-1-curric-2015.pdf\">Grade hor\u00e1ria obrigat\u00f3rias &#8211; curr\u00edculo 2015<\/a><\/p>\n<p><a href=\"https:\/\/agrarias.ufpr.br\/agronomia\/wp-content\/uploads\/sites\/24\/2022\/06\/Grade-optativas-2022-1-curric-2015.pdf\">Grade hor\u00e1ria optativas &#8211; curr\u00edculo 2015<\/a><\/p>\n<p>2\u00ba semestre letivo 2021:<\/p>\n<p><a href=\"https:\/\/agrarias.ufpr.br\/agronomia\/wp-content\/uploads\/sites\/24\/2022\/05\/Grade-e-docentes-2021-2.pdf\">Grade hor\u00e1ria e corpo docente (2\u00ba semestre letivo 2021)<\/a><\/p>\n<p><a href=\"https:\/\/agrarias.ufpr.br\/agronomia\/curriculo-2015\/\">Projeto pedag\u00f3gico do curso e ementas de disciplinas<\/a><\/p>\n<p>atualizado em 10\/03\/2022<\/p>\n","protected":false},"excerpt":{"rendered":"<p>1\u00ba semestre letivo de 2024: Grade hor\u00e1ria obrigat\u00f3rias &#8211; curr\u00edculo 2015 Grade hor\u00e1ria optativas &#8211; curr\u00edculo 2015 2\u00ba semestre letivo de 2023: Grade hor\u00e1ria obrigat\u00f3rias &#8211; curr\u00edculo vers\u00e3o 2015 Grade hor\u00e1ria optativas &#8211; curr\u00edculo vers\u00e3o 2015 1\u00ba semestre letivo de 2023: Grade hor\u00e1ria obrigat\u00f3rias &#8211; curr\u00edculo vers\u00e3o 2015 Grade hor\u00e1ria optativas &#8211; curr\u00edculo vers\u00e3o 2015 [&hellip;]<\/p>\n","protected":false},"author":3,"featured_media":0,"parent":0,"menu_order":0,"comment_status":"closed","ping_status":"open","template":"","meta":{"footnotes":""},"class_list":["post-439","page","type-page","status-publish","hentry"],"_links":{"self":[{"href":"https:\/\/agrarias.ufpr.br\/agronomia\/wp-json\/wp\/v2\/pages\/439","targetHints":{"allow":["GET"]}}],"collection":[{"href":"https:\/\/agrarias.ufpr.br\/agronomia\/wp-json\/wp\/v2\/pages"}],"about":[{"href":"https:\/\/agrarias.ufpr.br\/agronomia\/wp-json\/wp\/v2\/types\/page"}],"author":[{"embeddable":true,"href":"https:\/\/agrarias.ufpr.br\/agronomia\/wp-json\/wp\/v2\/users\/3"}],"replies":[{"embeddable":true,"href":"https:\/\/agrarias.ufpr.br\/agronomia\/wp-json\/wp\/v2\/comments?post=439"}],"version-history":[{"count":20,"href":"https:\/\/agrarias.ufpr.br\/agronomia\/wp-json\/wp\/v2\/pages\/439\/revisions"}],"predecessor-version":[{"id":7219,"href":"https:\/\/agrarias.ufpr.br\/agronomia\/wp-json\/wp\/v2\/pages\/439\/revisions\/7219"}],"wp:attachment":[{"href":"https:\/\/agrarias.ufpr.br\/agronomia\/wp-json\/wp\/v2\/media?parent=439"}],"curies":[{"name":"wp","href":"https:\/\/api.w.org\/{rel}","templated":true}]}}