{"id":15,"date":"2015-10-02T13:43:59","date_gmt":"2015-10-02T13:43:59","guid":{"rendered":"http:\/\/localhost\/agronomia\/?page_id=15"},"modified":"2026-03-23T18:21:38","modified_gmt":"2026-03-23T18:21:38","slug":"coordenacao","status":"publish","type":"page","link":"https:\/\/agrarias.ufpr.br\/agronomia\/coordenacao\/","title":{"rendered":"Coordena\u00e7\u00e3o"},"content":{"rendered":"<p style=\"text-align: left\"><span style=\"text-decoration: underline\">Coordenador:<\/span><\/p>\n<p style=\"text-align: center\">Prof. Dr. ANDR\u00c9 CARLOS AULER<br \/>\nDepartamento de Solos e Eng. Agr\u00edcola \u2013 DSEA\/AG<br \/>\nauler@ufpr.br<\/p>\n<p><span style=\"text-decoration: underline\">Vice-Coordenadora:<\/span><\/p>\n<p style=\"text-align: center\">Prof.\u00aa Dr.\u00aa GLACIELA KASCHUK<br \/>\nDepartamento de Solos e Eng. Agr\u00edcola \u2013 DSEA\/AG<br \/>\nglaciela.kaschuk@ufpr.br<\/p>\n<hr \/>\n<p style=\"text-align: left\"><span style=\"text-decoration: underline\">Secretaria Administrativa:<\/span><br \/>\nTelefone: (41) 3350-5610<br \/>\nE-mail: agronomia@ufpr.br<\/p>\n<p style=\"text-align: left\">Servidores:<br \/>\n<span style=\"font-size: revert;color: initial\">Almira Mariano de Oliveira<br \/>\n<\/span>Ericson Luiz Wasuaski Riechter<\/p>\n<p style=\"text-align: center\">Informa\u00e7\u00f5es sobre o registro acad\u00eamico para calouros devem ser verificadas no <a href=\"https:\/\/servicos.nc.ufpr.br\/PortalNC\/Concurso?concurso=PS2023\">site do N\u00facleo de Concursos da UFPR<\/a><\/p>\n<p style=\"text-align: center\">Rua dos Funcion\u00e1rios, 1540 \u2013 CEP 80035-050 \u2013 Juvev\u00ea<br \/>\nCuritiba\/PR &#8211; Brasil<br \/>\n&#8212;&#8212;&#8212;&#8212;&#8212;&#8212;&#8212;&#8212;&#8212;&#8212;&#8212;&#8212;&#8212;&#8212;&#8212;&#8212;&#8212;&#8212;&#8212;&#8212;&#8212;&#8212;&#8212;&#8212;&#8212;&#8212;&#8212;&#8212;&#8212;&#8212;&#8212;&#8212;&#8212;&#8212;&#8212;&#8212;&#8212;&#8212;&#8211;<\/p>\n","protected":false},"excerpt":{"rendered":"<p>Coordenador: Prof. Dr. ANDR\u00c9 CARLOS AULER Departamento de Solos e Eng. Agr\u00edcola \u2013 DSEA\/AG auler@ufpr.br Vice-Coordenadora: Prof.\u00aa Dr.\u00aa GLACIELA KASCHUK Departamento de Solos e Eng. Agr\u00edcola \u2013 DSEA\/AG glaciela.kaschuk@ufpr.br Secretaria Administrativa: Telefone: (41) 3350-5610 E-mail: agronomia@ufpr.br Servidores: Almira Mariano de Oliveira Ericson Luiz Wasuaski Riechter Informa\u00e7\u00f5es sobre o registro acad\u00eamico para calouros devem ser verificadas [&hellip;]<\/p>\n","protected":false},"author":1008,"featured_media":0,"parent":0,"menu_order":0,"comment_status":"closed","ping_status":"open","template":"","meta":{"footnotes":""},"class_list":["post-15","page","type-page","status-publish","hentry"],"_links":{"self":[{"href":"https:\/\/agrarias.ufpr.br\/agronomia\/wp-json\/wp\/v2\/pages\/15","targetHints":{"allow":["GET"]}}],"collection":[{"href":"https:\/\/agrarias.ufpr.br\/agronomia\/wp-json\/wp\/v2\/pages"}],"about":[{"href":"https:\/\/agrarias.ufpr.br\/agronomia\/wp-json\/wp\/v2\/types\/page"}],"author":[{"embeddable":true,"href":"https:\/\/agrarias.ufpr.br\/agronomia\/wp-json\/wp\/v2\/users\/1008"}],"replies":[{"embeddable":true,"href":"https:\/\/agrarias.ufpr.br\/agronomia\/wp-json\/wp\/v2\/comments?post=15"}],"version-history":[{"count":27,"href":"https:\/\/agrarias.ufpr.br\/agronomia\/wp-json\/wp\/v2\/pages\/15\/revisions"}],"predecessor-version":[{"id":7760,"href":"https:\/\/agrarias.ufpr.br\/agronomia\/wp-json\/wp\/v2\/pages\/15\/revisions\/7760"}],"wp:attachment":[{"href":"https:\/\/agrarias.ufpr.br\/agronomia\/wp-json\/wp\/v2\/media?parent=15"}],"curies":[{"name":"wp","href":"https:\/\/api.w.org\/{rel}","templated":true}]}}